ive c(-3).
-5
Suppose 0 = -3*a - 9. Let k(t) = 0*t - 5*t + 2*t - t**2. Determine k(a).
0
Let t(i) = 9*i**2 + i + 11*i**2 - 10*i**2 + 7*i**3 - 3. Let j(n) = -4*n**3 - 5*n**2 + 2. Let y(k) = 5*j(k) + 3*t(k). Determine y(-5).
-14
Let l(h) = -h**2 - h + 1. Let t be l(2). Suppose -u + 5 + 1 = 0. Let f(j) = u - j + 0 + 3*j**2 + j**3 + 2*j**2. Determine f(t).
11
Suppose 3 = 3*y - 0. Let c(k) be the third derivative of k**6/60 + k**5/30 - k**3/6 - 36*k**2. Give c(y).
3
Let d(n) be the second derivative of 5*n**4/12 - n**3/6 - n**2/2 + 22*n. Give d(-2).
21
Let n(m) = m**3 + 6*m**2 + 2*m - 4. Let h(f) = 2*f**2 + f - 1. Let d be h(-2). Suppose 12 = -d*g + 3*g. Calculate n(g).
-16
Let v = 0 - 0. Let t(q) = 1 + 9 - 2 - 3 + q**2. What is t(v)?
5
Let t(p) = -2*p. Suppose 4*u = 9*u. Let d = 2 - u. Let z be 2 - (8/1)/d. Determine t(z).
4
Let m(z) = -1 - 4*z + 3*z + 3 + 3. Give m(0).
5
Let v(c) = 5 + 7 - 28*c**2 + 12*c**2 + 17*c**2. Give v(0).
12
Let w(k) = -6*k**2 - 5*k - 2. Let u(t) = -t**2 - t. Let y(d) = -5*u(d) + w(d). Determine y(3).
-11
Let b = -30 + 29. Let j(v) = -4*v**3 - 2*v - 1. What is j(b)?
5
Let a(v) = -v - 1. Let j(b) = b**2 - 10*b + 8. Let s be j(10). Let c = s - 8. Let r = -2 + c. What is a(r)?
1
Let o be (0 - 0) + 5 + -2. Suppose -o*w = w + 20. Let c(r) = -5*r - 2. Let d(k) = 4*k + 2. Let n(q) = 3*c(q) + 4*d(q). Calculate n(w).
-3
Let s(h) = h**3 - 2*h**2 + 2*h - 4. Let q(t) = 2*t**2 + 7*t - 2. Let j be q(-5). Suppose -4*w + j = 1. Calculate s(w).
11
Let f(z) = -9*z**2 - 4*z + 5. Let r(m) = 9*m**2 + 3*m - 4. Let q(a) = -3*f(a) - 4*r(a). Calculate q(-1).
-8
Let z(a) = 2*a**2 + 4*a - 5. Suppose 0*j + 5*j - 5 = -5*v, -3*v = j - 11. Suppose -w + 1 = v. Calculate z(w).
11
Suppose 0 = 7*g - 4*g + 5*d - 21, -d = -5*g + 35. Suppose -g = v - 6. Let f(w) = -6*w + 1. Calculate f(v).
7
Let h = -41 - -41. Suppose 5*y - 32 = y. Let w(q) = -8*q + 2 + y*q + h*q**2 + q**2. Give w(2).
6
Let f(q) be the third derivative of q**6/120 - q**5/10 + q**4/24 + 9*q**2. What is f(6)?
6
Let d(u) = u + 3. Let l = -15 + 13. Give d(l).
1
Let w(p) = -8 - 3*p - p**3 + 6 + 2*p. What is w(0)?
-2
Let o(h) = 2*h - 3. Let y(u) = -6*u + 9. Let w(q) = -8*o(q) - 3*y(q). Calculate w(5).
7
Let n(c) = -2*c - 2. Suppose -3 = 3*l - 24. Let t = l - 10. Let w = 7 + t. Give n(w).
-10
Let i(j) = -6*j**2 + 0 + 10*j**2 + 0 + j**3 - 4*j. Let p = -7 + 2. Calculate i(p).
-5
Let l(d) = -2 + d**2 + 6*d + d - d. Let f = 20 + -26. What is l(f)?
-2
Let d(n) = n - 2. Let s be d(4). Let t(k) = -2 + 1 + s + 2 + k - k**2. What is t(3)?
-3
Let p be 1*8/(-2) + 0. Suppose -5*f + 4*u + 48 = 0, 0*f - 3*f + 4*u = -32. Let g = f + p. Let j(k) = -k**3 + 5*k**2 - 3*k - 4. Calculate j(g).
0
Let k(t) be the first derivative of t**4/4 - 7*t**3/3 + 9*t**2/2 - 6*t - 17. Calculate k(6).
12
Let c(y) = y**2 + 5. Suppose 0 = d - 4*s - 2, 0*s = d - 3*s - 2. Suppose 0 = 4*l + 1 + 7. Let x = d + l. Give c(x).
5
Let d be (-2)/(-1 + -1) + -7. Let k(m) = -m**3 - 7*m**2 - 8*m - 9. Let b be k(d). Let j(l) = -2*l - 1. Give j(b).
-7
Let t(r) = r**2 - 4*r + 2. Let h be t(4). Let i = h + 0. Let p(s) = 2*s**2 + 4*s**3 + 0*s**i - 1 - 2*s**2. Give p(-1).
-5
Let g(p) = p**2 + 5*p + 4. Let a = 1 - -4. Let b = 6 - 14. Let c = b + a. Calculate g(c).
-2
Let m be 2/((-1)/(-5)*-2). Let g(o) = 13*o. Let j(q) = 10*q + 1. Let x(v) = -3*g(v) + 4*j(v). Determine x(m).
-1
Let s(a) = -4*a**2 + 8*a - 1. Let t(d) = d**2 - d. Let n(b) = -s(b) - 3*t(b). Let o = 2 + 3. Calculate n(o).
1
Let s(r) be the first derivative of r**2/2 - 6*r - 33. Let z = 8 + -5. What is s(z)?
-3
Let t(z) be the first derivative of z**5/20 - z**4/12 - 2*z**3 + 4. Let c(k) be the third derivative of t(k). Suppose 6*d - 6 = 3*d. Determine c(d).
10
Let d(m) = -25*m + 13*m + 6*m + 2*m**2 - m**2 + 2. Suppose -12 = -3*g + 6. Determine d(g).
2
Let g(w) be the second derivative of -w**4/12 - w**3/3 - w**2/2 - 29*w. Give g(-2).
-1
Let f(l) = -l**3 + 2*l**2 - 2*l - 1. Suppose 1 = 2*z + 5. Let b(d) = -d. Let y be b(z). Determine f(y).
-5
Suppose -13 = 4*v + 7. Let l(o) = o + 3. What is l(v)?
-2
Let x(v) = -v**3 + 6*v**2 - 2*v - 2. Suppose -3*b + b - 5*q + 29 = 0, 2*b - 14 = -2*q. What is x(b)?
10
Let m(y) be the third derivative of -y**5/60 - y**4/8 - y**3/3 + 3*y**2. Let u(a) = -3*a + 4 - 4*a**2 - 3*a + a**3 - 2. Let o be u(5). What is m(o)?
-2
Let y be 0 + -1 + 1 - 4. Let m(s) be the first derivative of -s - 5/2*s**2 - 1 - 1/3*s**3. Give m(y).
3
Let k(o) = 2*o + 0*o - 3*o. Suppose -h - 2*h = -5*v - 25, 5 = -v - 3*h. Calculate k(v).
5
Let z(j) = 2*j - 5. Let g(t) = 3*t - 10. Let c(x) = 3*g(x) - 5*z(x). Give c(0).
-5
Let x(y) = -y**3 - 16*y**2 + 17*y + 5. Let q be x(-17). Let w(l) = l**3 - 4*l**2 - 7*l + 2. What is w(q)?
-8
Let u(g) be the third derivative of -2*g**5/15 - g**4/24 - 3*g**3/2 + 3*g**2. Let c(o) = 7*o**2 + 8. Let j(q) = 7*c(q) + 6*u(q). Let i = 16 - 11. Give j(i).
-3
Let h(z) = 16*z + 9. Let d(m) = 3*m + 2. Let o(k) = 11*d(k) - 2*h(k). What is o(5)?
9
Suppose -12 = -20*a + 18*a. Let h(x) = x**2 - 8*x - 5. Determine h(a).
-17
Suppose 3*v = -2*v + 10. Let p(u) = -v*u - u**2 + u + 2*u + 1. Give p(2).
-1
Let y(u) = -u - 6. Let k = -1 + 1. Let s = k - 6. Give y(s).
0
Suppose 20 = -5*t + 4*t. Let a be (32/(-10))/(8/t). Suppose -2*v - a = 0, 3*v - 11 + 39 = 4*b. Let q(z) = z**3 - 5*z**2 + 3*z - 1. Give q(b).
-5
Let u(r) = -r**3 - 6*r**2 - 5*r - 4. Let m be (10/8)/((-25)/100). Determine u(m).
-4
Suppose -2*b = -5*t, 0*b - b = -2*t. Let r(g) be the third derivative of -g**2 + 0*g + t - 1/24*g**4 - 1/6*g**3. Determine r(5).
-6
Let l(c) = -c**2 - 1. Suppose -3*z = -0*i + i + 37, 43 = -5*z + 3*i. Let o(t) = -2*t**2 - 1. Let m(x) = z*l(x) + 6*o(x). Determine m(0).
5
Let m(o) = o - 3*o**2 + 4*o**2 + 1 + o**3 - 2*o**2 + 0*o**2. Determine m(2).
7
Let r(b) = 0 - b**3 - 8*b + 0*b**2 - 8*b**2 - 6. Calculate r(-7).
1
Let r(q) = q - 6. Let n be r(6). Let k(a) = 4*a + 3 - 6 + n - 8*a. What is k(-3)?
9
Let n(g) be the second derivative of g**3/6 + 2*g**2 - g. Suppose -8 = -5*h - 3*z, 0 = 4*h + 3*z + z. Determine n(h).
8
Suppose -2*s - 6 = 2. Let c(h) = -h. Determine c(s).
4
Let r(p) be the first derivative of -p**3 - p**2 + 3*p + 50. Calculate r(-3).
-18
Let a(j) = -4*j + 5. Let f(g) = g + 1. Let r(x) = -a(x) - 5*f(x). Suppose 3*p + 36 = -0*p. Let z = p + 7. Calculate r(z).
-5
Let t be ((-1)/2)/(1/4). Let y be (6 - 1 - 3)*t. Let q(h) = -3*h - 6. What is q(y)?
6
Suppose -8 + 68 = 10*n. Let g(c) = c**3 + 3*c**2 - 5*c + 2. Let i be g(-4). Let a(p) = 0*p**2 - 6*p - i + p**2 - 1. What is a(n)?
-7
Let m(n) = 7*n + n + 3*n. Determine m(1).
11
Let x(c) be the first derivative of 0*c**2 - 4/3*c**3 - 5*c - 1/4*c**4 + 2. Suppose 2*j - 26 = 4*z, 0*z + 2*j = z + 14. What is x(z)?
-5
Let x(g) be the third derivative of -g**4/12 + g**3/6 + 9*g**2. Calculate x(-2).
5
Let b(c) be the first derivative of c**4/4 - 2*c**3/3 - 7*c**2/2 + 5*c + 5. What is b(4)?
9
Let r = 6 + -10. Let t be -4 - r - (-4)/1. Let n(q) = -2*q + 4. Give n(t).
-4
Let c = 4 - 6. Let q be -2 + (1 - 9 - c). Let p = q - -3. Let m(s) = -s**3 - 4*s**2 + 5*s - 2. What is m(p)?
-2
Let w(b) be the second derivative of 0 - 1/12*b**4 - 4*b - 3*b**2 + 7/6*b**3. What is w(6)?
0
Let r(g) = 7*g**3 - g**2 - 5*g + 3. Let p(u) = -u**3 + u**2 - 1. Let d(y) = -6*p(y) - r(y). Calculate d(-6).
9
Suppose 0*k - 4*k = 8. Let x(p) be the second derivative of p**6/120 + p**5/15 + p**4/8 + p**2/2 - p. Let b(j) be the first derivative of x(j). Give b(k).
2
Let y(k) = -5*k**2 - k - 1. Let u(o) = o + 1. Let f be u(-2). Let z be (2 - (-3)/f)/1. What is y(z)?
-5
Let o(p) be the second derivative of -p**4/3 - p**3/6 - 38*p. Give o(1).
-5
Let c(z) be the third derivative of z**6/120 + z**5/60 - z**4/24 - z**3/6 - 2*z**2. Let n be -6*(3 + (-8)/3). Give c(n).
-3
Let b(y) = -y**2 - 4*y + 5. Suppose -3*a = -5*k + 2 + 21, 0 = -3*k + 3*a + 9. Suppose 4*w + k = -13. Give b(w).
0
Let t be (-2)/2 + (0 - -2). Suppose 0 = 4*z - 2 - 6. Let o be (-5)/(-2) + t/z. Let m(g) = -g**3 + 4*g**2 - 3*g + 3. What is m(o)?
3
Let q(a) = 2*a. Suppose -5*t = -11*t - 18. What is q(t)?
-6
Suppose 11 = 4*b - 1. Let y(x) = -x**2 + 6*x - 1. Calculate y(b).
8
Let t(z) = -z**3 + 2*z**2 + 2*z + 1. Suppose 17*x - 11*x = -12. Determine t(x).
13
Let h(a) be the second derivative of -1/12*a**4 - 1/2*a**2 + 0 + 2/